ed by q?
5
Let p(c) = 3*c - 46. Let q be p(14). Calculate the remainder when 11 is divided by (12/(-8))/(2/q).
2
Suppose 5*j + 11 = 4*j. Let n(b) = -b**3 - 11*b**2 + 8. Calculate the remainder when 31 is divided by n(j).
7
Suppose k + 0*k = 11. Suppose 5*p - k = 44. Let f(y) = -y**3 + 9*y**2 + 5*y - 84. Calculate the remainder when f(8) is divided by p.
9
Suppose a + 0*u - 2*u - 12 = 0, 0 = 3*a + u - 8. Let m = 1 + 1. Suppose -m*x + 9*p + 169 = a*p, 0 = -3*p + 3. What is the remainder when x is divided by 30?
27
Calculate the remainder when (18 - 18 - (2 - 1))*-1753 is divided by 135.
133
Let d(l) = 4*l + 3. Let s be d(-4). Let v(n) = -n**3 + 19*n**2 - 16*n - 55. Let g be v(18). Let k = s - g. Calculate the remainder when 9 is divided by k.
3
Let w = 700 - 643. Let h(k) = -3*k + 2. Let p be (-1)/(-2 + 1) + -7. What is the remainder when w is divided by h(p)?
17
Suppose 2*k - 6*o + 3*o = -42, -5*k + 3*o - 96 = 0. Let u = -14 - k. Suppose -p = -2, 0 = -u*x + p + 12 + 30. Calculate the remainder when 43 is divided by x.
10
Let j(w) = 5*w + 37. Suppose 23 = -11*v + 23. Calculate the remainder when j(v) is divided by 19.
18
Suppose 45 = -9*c + 198. What is the remainder when 26 is divided by c?
9
Let r(p) = p + 25. Suppose -9*c + 4*c - 75 = 0. Calculate the remainder when r(0) is divided by 5*(-6)/c + 12.
11
Let o be ((-1)/(-2)*3)/(1/2). Suppose -2*l - 3*m + 5*m + 16 = 0, o*l = -m + 36. What is the remainder when l is divided by 3?
2
Let u = 12 - 7. Suppose 3*o - 10 = -c, o = c + c - 6. Calculate the remainder when u is divided by c.
1
Let w be (-48)/10*(-560)/(-24). Let d(u) = 70*u - 1. What is the remainder when d(1) is divided by w/(-6) - 12/18?
15
Let b(f) = 4 + 2*f**3 - f**3 + 3*f**2 + 41*f - 22*f**2. Calculate the remainder when b(17) is divided by 42.
39
What is the remainder when (-26 + 12/3)/(-2) is divided by 10/20 + (-26)/(-4)?
4
Suppose -147 - 179 = -2*n. Suppose n = 3*h - 2*h. Let u = -39 - -72. Calculate the remainder when h is divided by u.
31
Suppose 8 = -3*h - 4. Suppose 6*i = 2*i + 52. Calculate the remainder when 0/(h - -7) - -25 is divided by i.
12
Let r(f) = 5*f**2 + 13*f - 11. Calculate the remainder when 218 is divided by r(3).
72
Let d(r) = 23*r**2 + 2*r - 6. Calculate the remainder when d(2) is divided by 7.
6
Calculate the remainder when 9/(-6)*((-358)/6 - 3) is divided by 21.
10
Suppose 0 = -4*f + 2*x + 3*x + 36, -f - 4*x - 12 = 0. Suppose f - 32 = -2*v. Suppose 4*r - 77 = 79. Calculate the remainder when r is divided by v.
11
Let z(r) = r - 7. Let l be (-72)/(-3)*(-2)/(-4). Let m be z(l). Suppose -m*y + 19 = -121. Calculate the remainder when y is divided by 10.
8
Let v(j) = 2*j**3 + 49*j**2 + 21*j - 2. What is the remainder when v(-24) is divided by 5?
0
Let j(z) = -2*z + 2. Let k be j(-6). Suppose k = -4*t - 2. What is the remainder when 41 is divided by (t + (-1 - -19))*1?
13
Let o(y) = -6*y - 1. Let a be o(-1). Suppose -85 = -a*w - 4*p, 2*p - 5*p = -4*w + 99. Let u = 4696 - 4688. Calculate the remainder when w is divided by u.
5
Suppose -j - 4 = -5. What is the remainder when (-7 - -10)/((-3)/(-10)) is divided by (-4)/(-2) - (-1)/j?
1
Let u(z) = 86*z**2 - 10*z + 5. What is the remainder when 269 is divided by u(1)?
26
Suppose 3*g - 12 = 0, -6*f + g + 12 = -2*f. Let b(a) = 2*a**2 - a + 2. Let l be b(f). Let k = -25 + l. What is the remainder when k is divided by 3?
2
Let d be 1 + (3 - 4)*-11 - 3. Suppose d*o = o + 632. Calculate the remainder when o is divided by 20.
19
Suppose 0*p = 2*p - 5*n + 2, 5*p + n + 32 = 0. Suppose 26 = -4*z - 46. Let j = p - z. What is the remainder when j is divided by 7?
5
Suppose -2*g + g = -1. Suppose 2*c = 3*y - 102, -4*c - 229 = c - y. What is the remainder when (g - c) + -11 + 13 is divided by 10?
8
Suppose 3*g = -g + 204. Let w = g - 29. Calculate the remainder when 65 is divided by w.
21
Let l(z) = 85*z**2 + 10*z - 9. Calculate the remainder when l(1) is divided by 29.
28
Let r = 16 + -14. Suppose r*q - 4*w = -2*q + 28, 0 = 5*w + 15. Suppose i + q*i = 100. Calculate the remainder when i is divided by 7.
6
Let i = -10 - -30. Suppose 15*u - i*u = -190. Calculate the remainder when u is divided by 8.
6
Let m(c) = -2*c - 2. Let q be m(-3). Suppose k + 2 = 2*r, k + q = 2*k. Calculate the remainder when r is divided by (-24)/(-11) - (-6)/(-33).
1
Let t(f) = 2*f**2 - 44*f + 263. Let k be (-245)/9 + (-4)/(-18). Let y = k - -39. What is the remainder when t(10) is divided by y?
11
Let u be (-13)/(-26)*(2 + -16). What is the remainder when ((-552)/14)/(-3) - (-1)/u is divided by 4?
1
Let r be 8 + 2 - (9 + -9). Suppose -73*f + r = -71*f. Let w = 11 - 8. What is the remainder when f is divided by w?
2
Let v(j) = 10*j - 3. What is the remainder when 600/(-42)*14/(-4) is divided by v(2)?
16
Let t(l) = 0 + 2 - l + 3. Suppose -5 = -2*m + 9. What is the remainder when t(-6) is divided by m?
4
Let v be (-2)/(-6) - 11/(-3). Let u(m) = 7*m - 18. What is the remainder when 26 is divided by u(v)?
6
Suppose -3*n - 65 = 169. Let x = n - -103. What is the remainder when 48 is divided by x?
23
Let c = -106 + 117. Suppose -3*q = 4*f - 143, -6*f + 3*f + 179 = 4*q. What is the remainder when q is divided by c?
8
Let d be 8/(-40) - 492/(-10). Let s = -37 + d. What is the remainder when 23 is divided by s?
11
Calculate the remainder when 37 is divided by 12/(-12) + 44/4 + -2.
5
Let v(z) = 2*z + 1. Let u be v(1). Let g = 19 - u. Suppose 7*s = 3*s + 244. Calculate the remainder when s is divided by g.
13
Let v(l) = -2*l**2 + 3*l - 3. Let i be v(3). Let f(c) = c**3 + 8*c**2 + 8*c + 10. Calculate the remainder when 2/8 - 105/i is divided by f(-7).
0
Let z(y) = -7*y - 6. Let x be z(-1). Calculate the remainder when 10 is divided by x + 3/3*2 + 4.
3
Let u(t) = -t**3 - 51*t**2 - 96*t + 199. Let w(z) = z**2 + 3*z + 6. What is the remainder when u(-49) is divided by w(-7)?
33
Let q = 462 - -6. What is the remainder when q/(-24)*(1 + -3) is divided by 10?
9
What is the remainder when 2/(((-8)/73)/(-4)) is divided by (-12)/78 - (3 + (-628)/26)?
10
Suppose -p + 15 = -5. Suppose 34*s = 39*s - 185. What is the remainder when s is divided by p?
17
Let m(l) = l**3 - 3*l**2 - 8*l + 2. What is the remainder when m(7) is divided by 9?
7
Suppose 0 = 4*n + 9 + 27. Let u be 9/3*1 + -5. Let k = u - n. Calculate the remainder when 13 is divided by k.
6
Suppose 11*r = 134 + 196. Suppose 2*i + 4*m - 294 = 0, -3*i + 0*m = 2*m - 445. Calculate the remainder when i is divided by r.
29
Suppose -5*u + 69 = -56. Let x(o) = 2*o**2 - 13*o + 20. Let n be x(18). What is the remainder when (-2)/6 - n/(-6) is divided by u?
22
Suppose -8*n = -9*n - 7. Let q = -3 - n. What is the remainder when 22/8*q*1 is divided by 6?
5
Suppose -4*v - 510 = -19*v. Calculate the remainder when 134 is divided by v.
32
Suppose 4*d - 5 = -5*g, 0 = -2*g + 4*g + d + 1. What is the remainder when 43 is divided by 1/(6/(-198)*g)?
10
Suppose -61 = 4*b - 7*b - z, 5*b - 101 = -2*z. What is the remainder when 46 is divided by b?
4
Suppose 0 = -4*y - 2*p + 436, -3*y + 236 = -5*p - 78. Calculate the remainder when y is divided by 13.
4
Let t be (-1 - (-2)/(-3))/((-3)/9). Suppose t*j = -136 + 461. Calculate the remainder when j is divided by 33.
32
Let c(w) = 8 - 12*w + 9*w**2 - 5*w**2 - 5*w**2. Let n be c(-12). Let m = -6 + n. Calculate the remainder when 5 is divided by m.
1
Suppose -16*f = -54*f + 11058. What is the remainder when f is divided by 143?
5
What is the remainder when 564/2 + (67 - 55) is divided by 9?
6
Let p(t) = -2*t**3 + 39*t**2 - 16*t + 8. What is the remainder when p(19) is divided by 18?
11
Let u(l) = 4*l - 1. Suppose 5*m = 2*m + 48. Suppose -3*o - m = -5*o. What is the remainder when u(o) is divided by 8?
7
Suppose -t - 2*t - 84 = 0. Let d = -13 - t. Let u = -5 + d. Calculate the remainder when 17 is divided by u.
7
Suppose 0 = -2*s + s + 2. Suppose -4*m - 2*f - s*f = -12, 2*f = -4*m + 18. Calculate the remainder when 33 is divided by (3 - 1)*27/m.
6
Let b(l) = -8*l - 14. Let o be b(-6). Suppose -r + 4*q = -19, o = -0*r + 4*r + 5*q. What is the remainder when 63 is divided by r?
8
Let z be 21/(-27) + 14/(-63). Let v(i) = -79*i - 1. What is the remainder when v(z) is divided by 21?
15
Let c(k) = k**3 - k**2. Suppose -16 = -2*a + w + 19, -5*w = 3*a - 20. W